f -48 + 3 + -428 + 456?
-17
-33 + 26 - (0 - 14) - 3
4
Evaluate 2 + -2 - (2 + 25 - 34).
7
What is the value of -12 - (-10 + 2 + 0 - (-24 + 12))?
-16
What is the value of 40 + -39 - (4 - -1)?
-4
Calculate 10 + (2 - 1) + 19 + -9.
21
Calculate 2 + -13 + 1 - -12.
2
Calculate -8 - (9 + (-8 - -1)).
-10
Calculate (-1 - 0) + (3 - 1) - (-7 + 20).
-12
20 - (29 - 12 - 8)
11
Evaluate 1 - -3 - (1 - 7 - -25).
-15
What is the value of -5 + -1 + (88 + -101 - (-16 - 1))?
-2
Calculate (15 - (-9 + 15 - -2)) + 5.
12
30 + 0 + 0 + (38 - 70) + 24
22
Calculate 34 + 24 + -63 + 7.
2
What is the value of 2 - (-16 + (-16 - (-27 + 15)))?
22
What is -6 - (-10 - (12 - 9))?
7
Evaluate 9 + -20 + 6 + -1 + 5.
-1
What is 26 + (-33 - (-21 - 8))?
22
What is the value of -59 + (-7 - (-36 + -1))?
-29
Calculate 10 + (-2 - (8 - 1)) + -12.
-11
(2 - -3) + -15 + -6 + 0
-16
Calculate 95 + -88 - (18 - (-1 + 3)).
-9
Evaluate 2 + -9 + 58 + (85 - 103).
33
(16 - 7 - -26) + -26 - (11 + 0)
-2
24 + (-30 - -27) + 4
25
Calculate 9 - 0 - 39 - (1 + 1 + -12).
-20
What is the value of -2 + (8 - 6) - (-4 + 7 - 14)?
11
What is the value of -7 - ((-13 - -23) + -20) - (18 + 0)?
-15
Evaluate 33 + -39 - (-3 + 1 - 6).
2
-9 + (29 - (-9 - -20)) + -26
-17
What is -20 - (-32 - -26) - (-2 + 7)?
-19
Calculate 4 + (2 - (2 + -9)).
13
Evaluate -48 + 38 - ((-1 - (1 - 3)) + -2).
-9
Calculate -267 + 258 + 17 + 0 - (-6 - -1).
13
Evaluate (1 - (0 + 5)) + (-9 - 8) + 21.
0
Evaluate 3 + -6 + 6 + -9.
-6
Calculate -10 + 18 + 1 + -28.
-19
Evaluate -4 + -2 + 5 - (-19 + 7).
11
Calculate 10 - ((-15 - -6) + -1 - -6).
14
What is the value of -7 - 0 - (-6 + (12 - (6 + -7)))?
-14
Calculate (-6 - 5) + -25 + (35 - 8).
-9
1 + 4 + (9 - 31 - -21)
4
(-2 - -3) + (23 - (-2 - -16)) + -7
3
(1 - (-1 + 10)) + (-21 - -22 - -11)
4
Evaluate 21 + (-3 - (-3 - -24 - 15)).
12
Evaluate -3 + ((1 + -7 - 25) + 3 - -8).
-23
Evaluate -3 - (-20 + (16 - 8)).
9
Calculate -7 + (-16 - (14 + 3 + -7)) - -11.
-22
Calculate 18 + (32 + -10 + -3 - (12 + -1)).
26
Evaluate 0 + -4 - (-13 - -6 - (-2 - 1)).
0
-6 + 2 + -16 + 7
-13
What is (9 - 37) + 22 - (1 - 5)?
-2
What is (12 + -14 - 22) + 24?
0
What is the value of 4 - (7 - 14) - (-4 + -7)?
22
Calculate (3 - -22) + -40 + -11.
-26
(12 - -9) + (-4 - -8 - 7)
18
Calculate (-20 - -32 - -11) + -28.
-5
What is the value of (648 - 655) + 24 + -2?
15
Evaluate -8 + -1 + 9 + 19.
19
-5 + 4 + 0 + -4
-5
8 + 3 - -7 - 34
-16
Evaluate (-26 - -17) + 3 + 2 + -27 + 6.
-25
What is the value of (-7 - 1) + 0 + -6 + 4?
-10
What is (18 - 23) + 1 + -4?
-8
What is (4 + -1 - 3) + (-77 - -76)?
-1
(-15 - -4) + 24 - 19
-6
What is -42 - (-26 - 29) - (-18 - -1)?
30
-34 + 73 + (6 - 37)
8
Evaluate (1 - (1 + 4) - -6) + -3 + 0.
-1
What is the value of 2 + (-7 - 2) + 22?
15
What is 42 - 3 - 2 - (253 + -242)?
26
-15 - (58 + -63 - (3 + 2))
-5
(28 - 29 - -14) + 2 + (2 - 2)
15
What is the value of -22 - (-5 + -13) - -19?
15
What is the value of -3 - ((9 - -9) + -16 + (-1 - -4))?
-8
What is the value of -82 - -82 - (2 - ((-2 - -2) + -1))?
-3
0 - 9 - (0 + -16 + 2)
5
Calculate 83 + -69 + (9 - (-1 - -3)) + 2.
23
What is (6 - (8 + -14)) + -2 + 2 + -1?
11
Evaluate (-2 - (-12 - -4)) + (-24 - (3 + 1)).
-22
Calculate -3 - -2 - 0 - (2 - 2 - 8).
7
Calculate (0 - 3) + -2 - (-11 - -20).
-14
What is the value of 0 - 0 - -5 - (7 + 30 - 41)?
9
What is 37 - 37 - (-5 - (-1 + -3 + 2))?
3
Evaluate (-26 - ((11 - 10) + -8)) + (-2 - -7).
-14
-2 + (0 + -1 - (-11 - (-2 + -6)))
0
Evaluate 1 + -38 + (13 - 17) + (23 - 15).
-33
Calculate 1 - -6 - (-20 - (-22 - 3)).
2
(-1 + 0 + -1 - 4) + -88 + 103
9
Calculate 1 + -4 + -6 + 7 - -6.
4
Evaluate 3 + 1 - (26 + -8 + -21).
7
Evaluate -6 - ((-3 - 2) + (-4 - (1 - 9))).
-5
Evaluate (-2 - 4) + (12 - 3) + -55 + 41.
-11
Evaluate 33 - 21 - 24 - -26.
14
Evaluate -27 - -11 - ((-1 - (-6 - -7)) + 6).
-20
Calculate -1 + -2 + 2 + -2 - (-406 + 416).
-13
What is -1 - 8 - (-35 - (-24 - 8))?
-6
Calculate (3 - -1 - (10 + -2 - 2)) + -16.
-18
What is (-58 - -79) + (1 - 22)?
0
Evaluate 10 + -16 + -2 + -5.
-13
What is the value of 13 + -1 - (18 + (20 - 42) + 6)?
10
What is 10 + -13 + -1 - 3 - -5?
-2
(0 - 5) + (-1 + -2 - -14)
6
Evaluate -10 - -4 - 2 - (-1 + 17).
-24
Evaluate -8 - -3 - (-84 - -84) - (1 - 26).
20
Calculate -11 - -27 - (-8 + 26).
-2
30 + -58 + 22 + (18 - (-5 - -4))
13
What is 2 - -1 - 17 - (6 + -12)?
-8
0 + -2 + 12 + -9 + (-1 - 8)
-8
-36 - -8 - 10 - -33
-5
2 + -4 + (19 - 5)
12
6 - ((-5 - -1) + (-18 - -20)) - 6
2
Calculate -2 + (-5 - 0) + 9 - -6.
8
Calculate -6 + (-17 + 18 - (0 + -15 + -1)).
11
Calculate -27 - (-19 + 21 + -16).
-13
What is the value of (-63 - -35) + (25 - -14)?
11
-4 + 0 - (-13 + (11 - 8 - -4))
2
3 - 5 - (12 + 2 - 8 - 2)
-6
Calculate (5371 - 5379) + (0 + -13 - 1).
-22
Evaluate 45 - 53 - 37 - -25.
-20
What is 7 - (-8 + -19 + 9 + 21 - -4)?
0
What is 7 - (1 + 13 - (-1 + -2 - 1))?
-11
What is the value of (1 - -8) + -15 + (10 - 1)?
3
-3 + -1 + -8 + 19 + (-33 - -23)
-3
Evaluate 13 + -1 - ((-26 - -78) + -34).
-6
Evaluate -11 + 24 + (-3 - 4).
6
What is -2 + (-23 - 16) + 12 + 0?
-29
Calculate (-69 - -1) + (-1430 - -1464).
-34
Calculate -6 + (24 - -3 - 8) + 1 + -2.
12
What is -6 - (-14 + -14 + 27) - (2 + -1)?
-6
What is -221 + 210 + (3 - (-3 + 1)) + -17?
-23
What is -17 + 2 + (1 + -2 - -5)?
-11
Evaluate -22 + (4 + 1 + -4 - -7).
-14
Evaluate (10 - 12) + 0 - -6.
4
What is -9 + (-9 - -11) + (0 - 8) + 5?
-10
What is (3 - (1 + 8)) + 8 + 0 + 0?
2
Calculate 7 - (25 - 23) - 5.
0
Evaluate -38 + -22 + 55 + (7 - 3 - 1).
-2
0 + -4 + (891 - 884)
3
0 + -6 + (21 + -11 + -8 - -4)
0
What is 0 + -1 - (17 + -13 - 17)?
12
Calculate 0 + -8 + -9 + (0 - 2) + 11.
-8
-2 + -4 - (80 - 85)
-1
What is 7 - ((-8 - 1) + (23 - (-15 + 3)))?
-19
0 - (39 - (11 + 11))
-17
What is the value of -7 + (37 - -2) + (-8 - (-7 - -7))?
24
What is -8 + (6 - (7 + (-6 - -5))) + 20?
12
Calculate 0 - (-38 + 1 - -3).
34
What is the value of 1 - 11 - (-103 - -100)?
-7
Evaluate 3 - (2 + (2 - 0)) - -8.
7
What is the value of -4 + (-21 - (-16 - -6))?
-15
Calculate -14 + 4 - (-2 - (2 + 1 + -8)).
-13
What is (1 - 2) + (-11 - (5 + 9 + -19))?
-7
What is the value of 3 - (-6 - (-6 + 6) - (-5 - -6))?
10
1 + -2 + -3 + 7 + -5 + -10
-12
Calculate (3 - -7 - 17) + (-2 - 2).
-11
(-13 - (-3 - 6)) + (1 - -6) + -14
-11
What is the value of (-24 - -4) + (5 - -2)?
-13
What is -19 + (19 - (9 + 7)) + 6?
-10
What is the value of -35 + (36 - 18) + 27?
10
(-11 - -13) + -12 - -21
11
What is 0 + -6 - (3 - -3 - 12)?
0
What is the value of -3 + (-5 - (2 + -4) - (1 + -6))?
-1
7 + (-5 - -2) + -137 + 141
8
(-33 - -13) + (3 - -8)
-9
What is -29 + ((11 - 12) + 6 - -1)?
-23
Calculate -1 + -8 - (17 + -52 - -24).
2
What is the value of -9 + 5 - (23 - 33)?
6
Calculate (0 + 0 - 0) + (-21 + 23 - 8).
-6
What is the value of 3 - (-10 + 8 - (-2 - 2) - 6)?
7
Calculate (0 - (-1 + -3) - 3) + 1 + 11.
13
What is the value of -9 + -8 + 15 - (3 - -3)?
-8
3 + 6 + -10 + 5 + 4
8
(-69 - -85) + (-27 - -3)
-8
(-18 + 7 - -2) + 19 - (-2 - -4)
8
(-7 - (7 - 7)) + -1 + -4
-12
What is the value of 2 + 2 + (6 - -3) - (-2 + 10)?
5
Calculate -5 + -4 + 4 + 22 + -3.
14
46 - 51 - ((-11 - 2) + 5)
3
0 + -28 - (-5 + 12 + (-16 - -5))
-24
Evaluate (28 - 2) + -5 + 2 + -10.
13
What is -3 + 0 + -3 + (6 - 9)?
-9
What is the value of -29 - (-11 + -2 + -7 - -15)?
-24
10 - (12 - -4) - 4
-10
Evaluate -4 - (-3 - -5 - ((3 - -1) + 0)).
-2
What is the value of -40 + 12 - (-20 + 4 + 3)?
-15
What is the value of -36 - (0 + -13 + -13 + 15)?
-25
What is the value of (-31 - -47 - 8) + 16?
24
Evaluate -8 + -1 + 9 + (3 - (0 - -15)).
-12
Evaluate (13 - 29 - (0 - 12)) + (-8 - -1).
-11
What is the value of 13 + (-34 - -40) - 37?
-18
What is -17 + -2 - (131 - 132)?
-18
(6 - (-2 - 5)) + -2 + -29
-18
What is the value of 4 - 0 - 2 - (1 + -2)?
3
What is the value of -1 + (-1 + -4 + 7 - 6) + 19?
14
What is -4 + -11 + (9 - 3)?
-9
Evaluate 17 - (-1 - -15) - 0 - -6.
9
What is the value of 10 + (13 - (5 - -2))?
16
What is -2 + 10 + (-20 + 1 - -17)?
6
What is the value of (3 + -27 - -2) + -67 + 74 + 2?
-13
What is the value of (-28 - -39 - (-2 + 28)) + -5?
-20
(158 - 168 - (-32 + 2)) + 1
21
-6 + 0 + -4 - (-3 + 10)
-17
What is -18 + (11 - -11) - 14?
-10
-4 + -1 - (-3 + 1 + (10 - 5))
-8
Evaluate (3 - (8 + -8)) + 14.
17
What is the value of -4 + 0 + 9 + -16 + 2 + -2?
-11
What is the value of 1 + 3 + -14 + 1